{"id":237208,"date":"2021-04-05T09:48:13","date_gmt":"2021-04-05T07:48:13","guid":{"rendered":"http:\/\/das-foyer-wiesbaden.de\/?page_id=237208"},"modified":"2021-06-18T16:12:50","modified_gmt":"2021-06-18T14:12:50","slug":"datenschutzerklaerung-1","status":"publish","type":"page","link":"https:\/\/das-foyer-wiesbaden.de\/?page_id=237208","title":{"rendered":"Datenschutz"},"content":{"rendered":"<p>[et_pb_section fb_built=&#8220;1&#8243; admin_label=&#8220;Welcome To Royal&#8220; _builder_version=&#8220;4.9.3&#8243; background_color=&#8220;#FFFFFF&#8220; background_position=&#8220;top_left&#8220; module_alignment=&#8220;center&#8220; min_height_tablet=&#8220;&#8220; min_height_phone=&#8220;&#8220; min_height_last_edited=&#8220;on|desktop&#8220; custom_margin=&#8220;0px||0px||false|false&#8220; custom_margin_tablet=&#8220;&#8220; custom_margin_phone=&#8220;&#8220; custom_margin_last_edited=&#8220;on|tablet&#8220; custom_padding=&#8220;5%|0px|10%|0px|false|false&#8220; collapsed=&#8220;off&#8220;][et_pb_row _builder_version=&#8220;4.9.3&#8243; background_size=&#8220;initial&#8220; background_position=&#8220;top_left&#8220; background_repeat=&#8220;repeat&#8220; width_tablet=&#8220;90%&#8220; width_phone=&#8220;90%&#8220; width_last_edited=&#8220;on|tablet&#8220; custom_margin=&#8220;|||&#8220; custom_padding=&#8220;|||&#8220;][et_pb_column type=&#8220;4_4&#8243; _builder_version=&#8220;4.9.3&#8243; background_position=&#8220;top_left&#8220; custom_padding=&#8220;0px||||false|false&#8220; custom_padding_tablet=&#8220;0px||||false|false&#8220; custom_padding_phone=&#8220;0px||||false|false&#8220; custom_padding_last_edited=&#8220;on|desktop&#8220; custom_padding__hover=&#8220;|||&#8220;][et_pb_text _builder_version=&#8220;4.9.3&#8243; _module_preset=&#8220;default&#8220; header_text_color=&#8220;gcid-554e4c44-b734-4558-b2b4-996c88c0a6ab&#8220; header_2_text_color=&#8220;gcid-554e4c44-b734-4558-b2b4-996c88c0a6ab&#8220; header_3_text_color=&#8220;gcid-554e4c44-b734-4558-b2b4-996c88c0a6ab&#8220; header_4_text_color=&#8220;gcid-554e4c44-b734-4558-b2b4-996c88c0a6ab&#8220; header_5_text_color=&#8220;gcid-554e4c44-b734-4558-b2b4-996c88c0a6ab&#8220; header_6_text_color=&#8220;gcid-554e4c44-b734-4558-b2b4-996c88c0a6ab&#8220; width=&#8220;60%&#8220; width_tablet=&#8220;90%&#8220; width_phone=&#8220;100%&#8220; width_last_edited=&#8220;on|phone&#8220; module_alignment=&#8220;center&#8220; custom_margin=&#8220;2%||2%||true|false&#8220; header_font_size_tablet=&#8220;36px&#8220; header_font_size_phone=&#8220;28px&#8220; header_font_size_last_edited=&#8220;on|phone&#8220; header_5_text_color_tablet=&#8220;gcid-554e4c44-b734-4558-b2b4-996c88c0a6ab&#8220; header_5_text_color_phone=&#8220;gcid-554e4c44-b734-4558-b2b4-996c88c0a6ab&#8220; global_colors_info=&#8220;{%22gcid-554e4c44-b734-4558-b2b4-996c88c0a6ab%22:%91%22header_2_text_color%22,%22header_4_text_color%22,%22header_text_color%22,%22header_6_text_color%22,%22header_5_text_color_tablet%22,%22header_5_text_color_phone%22%93,%22gcid-65b64712-6f1d-49e1-810b-68b83d58ebc6%22:%91%93}&#8220;]<\/p>\n<h1><span style=\"color: #9d8354;\">Datenschutz<\/span><\/h1>\n<p>[\/et_pb_text][et_pb_text _builder_version=&#8220;4.9.7&#8243; _module_preset=&#8220;default&#8220; text_text_color=&#8220;gcid-85482531-9492-43af-9769-3effcf975592&#8243; text_font_size=&#8220;19px&#8220; text_line_height=&#8220;1.6em&#8220; header_text_color=&#8220;gcid-554e4c44-b734-4558-b2b4-996c88c0a6ab&#8220; header_2_text_color=&#8220;gcid-554e4c44-b734-4558-b2b4-996c88c0a6ab&#8220; header_3_text_color=&#8220;gcid-554e4c44-b734-4558-b2b4-996c88c0a6ab&#8220; header_4_text_color=&#8220;gcid-554e4c44-b734-4558-b2b4-996c88c0a6ab&#8220; header_5_text_color=&#8220;gcid-554e4c44-b734-4558-b2b4-996c88c0a6ab&#8220; header_6_text_color=&#8220;gcid-554e4c44-b734-4558-b2b4-996c88c0a6ab&#8220; width=&#8220;90%&#8220; width_tablet=&#8220;100%&#8220; width_phone=&#8220;&#8220; width_last_edited=&#8220;on|phone&#8220; module_alignment=&#8220;center&#8220; custom_margin=&#8220;5%||||false|false&#8220; custom_padding=&#8220;|5%||5%|false|true&#8220; hover_enabled=&#8220;0&#8243; header_5_text_color_tablet=&#8220;gcid-554e4c44-b734-4558-b2b4-996c88c0a6ab&#8220; header_5_text_color_phone=&#8220;gcid-554e4c44-b734-4558-b2b4-996c88c0a6ab&#8220; global_colors_info=&#8220;{%22gcid-554e4c44-b734-4558-b2b4-996c88c0a6ab%22:%91%22header_2_text_color%22,%22header_4_text_color%22,%22header_text_color%22,%22header_6_text_color%22,%22header_5_text_color_tablet%22,%22header_5_text_color_phone%22%93,%22gcid-65b64712-6f1d-49e1-810b-68b83d58ebc6%22:%91%93}&#8220; sticky_enabled=&#8220;0&#8243;]<\/p>\n<div class=\"wp-block-group\">\n<div class=\"wp-block-group__inner-container\">\n<p>Verantwortlicher im Sinne der Datenschutzgesetze, insbesondere der EU-Datenschutzgrundverordnung (DSGVO), ist:<\/p>\n<div class=\"wp-block-group__inner-container\">Caf\u00e9 Blum Tatjana Kreuter GmbH<\/div>\n<div class=\"wp-block-group__inner-container\">Kloppenheimer Weg 6<br \/>65191 Wiesbaden<br \/>Telefon: 0611 50593811<br \/><a href=\"mailto:dasfoyer@cafe-blum.de\">dasfoyer@cafe-blum.de<\/a><\/div>\n<p><a href=\"mailto:tortenservice@kreuterblum.de\"><\/a><\/p>\n<p>Ihre Betroffenenrechte:<\/p>\n<p>Unter den angegebenen Kontaktdaten unseres Datenschutzbeauftragten k\u00f6nnen Sie jederzeit folgende Rechte aus\u00fcben:<\/p>\n<ul>\n<li>Auskunft \u00fcber Ihre bei uns gespeicherten Daten und deren Verarbeitung (Art. 15 DSGVO),<\/li>\n<li>Berichtigung unrichtiger personenbezogener Daten (Art. 16 DSGVO),<\/li>\n<li>L\u00f6schung Ihrer bei uns gespeicherten Daten (Art. 17 DSGVO),<\/li>\n<li>Einschr\u00e4nkung der Datenverarbeitung, sofern wir Ihre Daten aufgrund gesetzlicher Pflichten noch nicht l\u00f6schen d\u00fcrfen (Art. 18 DSGVO),<\/li>\n<li>Widerspruch gegen die Verarbeitung Ihrer Daten bei uns (Art. 21 DSGVO) und<\/li>\n<li>Daten\u00fcbertragbarkeit, sofern Sie in die Datenverarbeitung eingewilligt haben oder einen Vertrag mit uns abgeschlossen haben (Art. 20 DSGVO).<\/li>\n<\/ul>\n<p>Sofern Sie uns eine Einwilligung erteilt haben, k\u00f6nnen Sie diese jederzeit mit Wirkung f\u00fcr die Zukunft widerrufen.<\/p>\n<p>Sie k\u00f6nnen sich jederzeit mit einer Beschwerde an eine Aufsichtsbeh\u00f6rde wenden, z. B. an die zust\u00e4ndige Aufsichtsbeh\u00f6rde des Bundeslands Ihres Wohnsitzes oder an die f\u00fcr uns als verantwortliche Stelle zust\u00e4ndige Beh\u00f6rde.<\/p>\n<p>Eine Liste der Aufsichtsbeh\u00f6rden (f\u00fcr den nicht\u00f6ffentlichen Bereich) mit Anschrift finden Sie unter: <a href=\"https:\/\/www.bfdi.bund.de\/DE\/Service\/Anschriften\/Laender\/Laender-node.html\">https:\/\/www.bfdi.bund.de\/DE\/Service\/Anschriften\/Laender\/Laender-node.html<\/a>.<\/p>\n<p>Erfassung allgemeiner Informationen beim Besuch unserer<br \/>Website<\/p>\n<p>Art und Zweck der Verarbeitung:<br \/>Wenn Sie auf unsere Website zugreifen, d.h., wenn Sie sich nicht registrieren oder anderweitig Informationen \u00fcbermitteln, werden automatisch Informationen allgemeiner Natur erfasst. Diese Informationen (Server-Logfiles) beinhalten etwa die Art des Webbrowsers, das verwendete Betriebssystem, den Domainnamen Ihres Internet-Service-Providers, Ihre IP-Adresse und \u00e4hnliches.<\/p>\n<p>Sie werden insbesondere zu folgenden Zwecken verarbeitet:<\/p>\n<ul>\n<li>Sicherstellung eines problemlosen Verbindungsaufbaus der Website,<\/li>\n<li>Sicherstellung einer reibungslosen Nutzung unserer Website,<\/li>\n<li>Auswertung der Systemsicherheit und -stabilit\u00e4t sowie zur Optimierung unserer Website.<\/li>\n<\/ul>\n<p>Wir verwenden Ihre Daten nicht, um R\u00fcckschl\u00fcsse auf Ihre Person zu ziehen. Informationen dieser Art werden von uns ggf. anonymisiert statistisch ausgewertet, um unseren Internetauftritt und die dahinterstehende Technik zu optimieren.<\/p>\n<p>Rechtsgrundlage und berechtigtes Interesse:<br \/>Die Verarbeitung erfolgt gem\u00e4\u00df Art. 6 Abs. 1 lit. f DSGVO auf Basis unseres berechtigten Interesses an der Verbesserung der Stabilit\u00e4t und Funktionalit\u00e4t unserer Website.<\/p>\n<p>Empf\u00e4nger:<br \/>Empf\u00e4nger der Daten sind ggf. technische Dienstleister, die f\u00fcr den Betrieb und die Wartung unserer Webseite als Auftragsverarbeiter t\u00e4tig werden.<\/p>\n<p>Speicherdauer:<br \/>Die Daten werden gel\u00f6scht, sobald diese f\u00fcr den Zweck der Erhebung nicht mehr erforderlich sind. Dies ist f\u00fcr die Daten, die der Bereitstellung der Website dienen, grunds\u00e4tzlich der Fall, wenn die jeweilige Sitzung beendet ist.<br \/>Im Falle der Speicherung der Daten in Logfiles ist dies nach sp\u00e4testens 14 Tagen der Fall. Eine dar\u00fcberhinausgehende Speicherung ist m\u00f6glich. In diesem Fall werden die IP-Adressen der Nutzer anonymisiert, sodass eine Zuordnung des aufrufenden Clients nicht mehr m\u00f6glich ist.<\/p>\n<p>Bereitstellung vorgeschrieben oder erforderlich:<br \/>Die Bereitstellung der vorgenannten personenbezogenen Daten ist weder gesetzlich noch vertraglich vorgeschrieben. Ohne die IP-Adresse ist jedoch der Dienst und die Funktionsf\u00e4higkeit unserer Website nicht gew\u00e4hrleistet. Zudem k\u00f6nnen einzelne Dienste und Services nicht verf\u00fcgbar oder eingeschr\u00e4nkt sein. Aus diesem Grund ist ein Widerspruch ausgeschlossen.<\/p>\n<p>Cookies:<br \/>Wie viele andere Webseiten verwenden wir auch so genannte \u201eCookies\u201c. Bei Cookies handelt es sich um kleine Textdateien, die auf Ihrem Endger\u00e4t (Laptop, Tablet, Smartphone o.\u00e4.) gespeichert werden, wenn Sie unsere Webseite besuchen.<\/p>\n<p>Sie k\u00f6nnen Sie einzelne Cookies oder den gesamten Cookie-Bestand l\u00f6schen. Dar\u00fcber hinaus erhalten Sie Informationen und Anleitungen, wie diese Cookies gel\u00f6scht oder deren Speicherung vorab blockiert werden k\u00f6nnen. Je nach Anbieter Ihres Browsers finden Sie die notwendigen Informationen unter den nachfolgenden Links:<\/p>\n<ul>\n<li>Mozilla Firefox: <a href=\"https:\/\/support.mozilla.org\/de\/kb\/cookies-loeschen-daten-von-websites-entfernen\">https:\/\/support.mozilla.org\/de\/kb\/cookies-loeschen-daten-von-websites-entfernen <\/a><\/li>\n<li>Internet Explorer: <a href=\"https:\/\/support.microsoft.com\/de-de\/help\/17442\/windows-internet-explorer-%20delete-manage-cookies\" target=\"_blank\" rel=\"noopener\">https:\/\/support.microsoft.com\/de-de\/help\/17442\/windows-internet-explorer- delete-manage-cookies<\/a><\/li>\n<li>Google Chrome: <a href=\"https:\/\/support.google.com\/accounts\/answer\/61416?hl=de\" target=\"_blank\" rel=\"noopener\">https:\/\/support.google.com\/accounts\/answer\/61416?hl=de<\/a><\/li>\n<li>Opera: <a href=\"http:\/\/www.opera.com\/de\/help\" target=\"_blank\" rel=\"noopener\">http:\/\/www.opera.com\/de\/help<\/a><\/li>\n<li>Safari: <a href=\"https:\/\/support.apple.com\/kb\/PH17191?locale=de_DE&amp;viewlocale=de_DE\" target=\"_blank\" rel=\"noopener\">https:\/\/support.apple.com\/kb\/PH17191?locale=de_DE&amp;viewlocale=de_DE<\/a><\/li>\n<\/ul>\n<p>Speicherdauer und eingesetzte Cookies:<br \/>Soweit Ihre Browsereinstellungen die Verwendung von Cookies erlauben, k\u00f6nnen folgende Cookies auf unseren Webseiten zum Einsatz kommen:<\/p>\n<p>Session-Cookies:<br \/>Bei den Cookies handelt es sich um technisch notwendige Cookie. Die Besucher werden damit einer tempor\u00e4ren PHP-Session zugeordnet. Dies ist notwendig, um sich z. B. auf der Website oder im Backend an- und wieder abmelden zu k\u00f6nnen, oder um den Bestell- oder Reservierungsvorgang technisch zu erm\u00f6glichen. Session-Cookies werden beim Beenden des Browsers gel\u00f6scht.<\/p>\n<p>Eingebundene Dienste Dritter:<br \/>Unsere Website nutzt ein sogenantes Widget zum Bestellen, Reservieren und Abholen der Firma &#8222;Gastronovi&#8220;. Dieser Dienst verbindet sich mit der Website von Gastronovi, wobei ebenfalls Session-Cookies angelegt werden, die f\u00fcr den Bestellvorgang technisch notwendig sind.<\/p>\n<p>Zus\u00e4tzlich erhebt Gastronovi statistische Daten Ihres Besuchs durch das Local-Storage Ihres Browsers. Dies wird gesondert erkl\u00e4rt, wenn Sie dem Link &#8222;Datenschutz&#8220; innerhalb des Widgets folgen. Wenn Sie dort das H\u00e4kchen abw\u00e4hlen, k\u00f6nnen Sie damit die statistische Erhebung deaktivieren. Information \u00fcber Ihr Widerspruchsrecht nach Art. 21 DSGVO Einzelfallbezogenes Widerspruchsrecht<\/p>\n<p>Sie haben das Recht, aus Gr\u00fcnden, die sich aus Ihrer besonderen Situation ergeben, jederzeit gegen die Verarbeitung Sie betreffender personenbezogener Daten, die aufgrund Art. 6 Abs. 1 lit. f DSGVO (Datenverarbeitung auf der Grundlage einer Interessenabw\u00e4gung) erfolgt, Widerspruch einzulegen; dies gilt auch f\u00fcr ein auf diese Bestimmung gest\u00fctztes Profiling im Sinne von Art. 4 Nr. 4 DSGVO.<br \/>Legen Sie Widerspruch ein, werden wir Ihre personenbezogenen Daten nicht mehr verarbeiten, es sei denn, wir k\u00f6nnen zwingende schutzw\u00fcrdige Gr\u00fcnde f\u00fcr die Verarbeitung nachweisen, die Ihre Interessen, Rechte und Freiheiten \u00fcberwiegen, oder die Verarbeitung dient der Geltendmachung, Aus\u00fcbung oder Verteidigung von Rechtsanspr\u00fcchen.<\/p>\n<p>Verwendung von Google Maps:<br \/>Auf dieser Website nutzen wir das Angebot von Google Maps. Google Maps wird von Google LLC, 1600 Amphitheatre Parkway, Mountain View, CA 94043, USA (nachfolgend \u201eGoogle\u201c) betrieben. Dadurch k\u00f6nnen wir Ihnen interaktive Karten direkt in der Webseite anzeigen und erm\u00f6glichen Ihnen die komfortable Nutzung der Karten-Funktion.<br \/>N\u00e4here Informationen \u00fcber die Datenverarbeitung durch Google k\u00f6nnen Sie den Google-Datenschutzhinweisen entnehmen: <a href=\"https:\/\/policies.google.com\/privacy\" target=\"_blank\" rel=\"noopener\">https:\/\/policies.google.com\/privacy. <\/a>Dort k\u00f6nnen Sie im Datenschutzcenter auch Ihre pers\u00f6nlichen Datenschutz-Einstellungen ver\u00e4ndern.<\/p>\n<p>Ausf\u00fchrliche Anleitungen zur Verwaltung der eigenen Daten im Zusammenhang mit Google-Produkten finden Sie hier: <a href=\"https:\/\/www.dataliberation.org\" target=\"_blank\" rel=\"noopener\">https:\/\/www.dataliberation.org<\/a><\/p>\n<p>Durch den Besuch der Website erh\u00e4lt Google Informationen, dass Sie die entsprechende Unterseite unserer Webseite aufgerufen haben. Dies erfolgt unabh\u00e4ngig davon, ob Google ein Nutzerkonto bereitstellt, \u00fcber das Sie eingeloggt sind, oder ob keine Nutzerkonto besteht. Wenn Sie bei Google eingeloggt sind, werden Ihre Daten direkt Ihrem Konto zugeordnet.<\/p>\n<p>Wenn Sie die Zuordnung in Ihrem Profil bei Google nicht w\u00fcnschen, m\u00fcssen Sie sich vor Aktivierung des Buttons bei Google ausloggen. Google speichert Ihre Daten als Nutzungsprofile und nutzt sie f\u00fcr Zwecke der Werbung, Marktforschung und\/oder bedarfsgerechter Gestaltung seiner Websites. Eine solche Auswertung erfolgt insbesondere (selbst f\u00fcr nicht eingeloggte Nutzer) zur Erbringung bedarfsgerechter Werbung und um andere Nutzer des sozialen Netzwerks \u00fcber Ihre Aktivit\u00e4ten auf unserer Website zu informieren. Ihnen steht ein Widerspruchsrecht zu gegen die Bildung dieser Nutzerprofile, wobei Sie sich zur Aus\u00fcbung dessen an Google richten m\u00fcssen.<\/p>\n<p>Empf\u00e4nger eines Widerspruchs:<\/p>\n<div class=\"wp-block-group__inner-container\">Caf\u00e9 Blum Tatjana Kreuter GmbH<\/div>\n<div class=\"wp-block-group__inner-container\">Kloppenheimer Weg 6<br \/>65191 Wiesbaden<br \/>Telefon: 0611 50593811<br \/><a href=\"mailto:dasfoyer@cafe-blum.de\">dasfoyer@cafe-blum.de<\/a><\/div>\n<div class=\"wp-block-group__inner-container\"><\/div>\n<p>&nbsp;<\/p>\n<p>\u00c4nderung unserer Datenschutzbestimmungen:<br \/>Wir behalten uns vor, diese Datenschutzerkl\u00e4rung anzupassen, damit sie stets den aktuellen rechtlichen Anforderungen entspricht oder um \u00c4nderungen unserer Leistungen in der Datenschutzerkl\u00e4rung umzusetzen, z. B. bei der Einf\u00fchrung neuer Services. F\u00fcr Ihren erneuten Besuch gilt dann die neue Datenschutzerkl\u00e4rung.<br \/>Fragen an den Datenschutzbeauftragten<br \/>Wenn Sie Fragen zum Datenschutz haben, schreiben Sie uns bitte eine E-Mail oder wenden Sie sich direkt an die f\u00fcr den Datenschutz verantwortliche Person in unserer Organisation:<\/p>\n<div class=\"wp-block-group__inner-container\">Caf\u00e9 Blum Tatjana Kreuter GmbH<\/div>\n<div class=\"wp-block-group__inner-container\">Kloppenheimer Weg 6<br \/>65191 Wiesbaden<br \/>Telefon: 0611 50593811<br \/><a href=\"mailto:tortenservice@kreuterblum.de\">dasfoyer@cafe-blum.de<\/a><\/div>\n<p><a href=\"mailto:tortenservice@kreuterblum.de\"><\/a><\/p>\n<p>Die Datenschutzerkl\u00e4rung wurde mithilfe der activeMind AG erstellt, den Experten f\u00fcr externe Datenschutzbeauftragte (Version #2020-09-30).<\/p>\n<\/div>\n<\/div>\n<p>[\/et_pb_text][\/et_pb_column][\/et_pb_row][\/et_pb_section]<\/p>\n","protected":false},"excerpt":{"rendered":"<p>Datenschutz Verantwortlicher im Sinne der Datenschutzgesetze, insbesondere der EU-Datenschutzgrundverordnung (DSGVO), ist: Caf\u00e9 Blum Tatjana Kreuter GmbH Kloppenheimer Weg 665191 WiesbadenTelefon: 0611 50593811dasfoyer@cafe-blum.de Ihre Betroffenenrechte: Unter den angegebenen Kontaktdaten unseres Datenschutzbeauftragten k\u00f6nnen Sie jederzeit folgende Rechte aus\u00fcben: Auskunft \u00fcber Ihre bei uns gespeicherten Daten und deren Verarbeitung (Art. 15 DSGVO), Berichtigung unrichtiger personenbezogener Daten (Art. 16 [&hellip;]<\/p>\n","protected":false},"author":1,"featured_media":0,"parent":0,"menu_order":0,"comment_status":"closed","ping_status":"closed","template":"","meta":{"_et_pb_use_builder":"on","_et_pb_old_content":"","_et_gb_content_width":"","footnotes":""},"class_list":["post-237208","page","type-page","status-publish","hentry"],"_links":{"self":[{"href":"https:\/\/das-foyer-wiesbaden.de\/index.php?rest_route=\/wp\/v2\/pages\/237208","targetHints":{"allow":["GET"]}}],"collection":[{"href":"https:\/\/das-foyer-wiesbaden.de\/index.php?rest_route=\/wp\/v2\/pages"}],"about":[{"href":"https:\/\/das-foyer-wiesbaden.de\/index.php?rest_route=\/wp\/v2\/types\/page"}],"author":[{"embeddable":true,"href":"https:\/\/das-foyer-wiesbaden.de\/index.php?rest_route=\/wp\/v2\/users\/1"}],"replies":[{"embeddable":true,"href":"https:\/\/das-foyer-wiesbaden.de\/index.php?rest_route=%2Fwp%2Fv2%2Fcomments&post=237208"}],"version-history":[{"count":20,"href":"https:\/\/das-foyer-wiesbaden.de\/index.php?rest_route=\/wp\/v2\/pages\/237208\/revisions"}],"predecessor-version":[{"id":238187,"href":"https:\/\/das-foyer-wiesbaden.de\/index.php?rest_route=\/wp\/v2\/pages\/237208\/revisions\/238187"}],"wp:attachment":[{"href":"https:\/\/das-foyer-wiesbaden.de\/index.php?rest_route=%2Fwp%2Fv2%2Fmedia&parent=237208"}],"curies":[{"name":"wp","href":"https:\/\/api.w.org\/{rel}","templated":true}]}}