{"id":240347,"date":"2022-09-16T13:23:46","date_gmt":"2022-09-16T11:23:46","guid":{"rendered":"https:\/\/das-foyer-wiesbaden.de\/?page_id=240347"},"modified":"2022-09-16T13:31:00","modified_gmt":"2022-09-16T11:31:00","slug":"stellenangebote","status":"publish","type":"page","link":"https:\/\/das-foyer-wiesbaden.de\/?page_id=240347","title":{"rendered":"Stellenangebote"},"content":{"rendered":"<p>[et_pb_section fb_built=&#8220;1&#8243; admin_label=&#8220;Stelle&#8220; _builder_version=&#8220;4.17.4&#8243; _module_preset=&#8220;default&#8220; hover_enabled=&#8220;0&#8243; global_colors_info=&#8220;{}&#8220; background_color=&#8220;#F2F2F2&#8243; sticky_enabled=&#8220;0&#8243;][et_pb_row _builder_version=&#8220;4.16&#8243; _module_preset=&#8220;default&#8220; global_colors_info=&#8220;{}&#8220;][et_pb_column type=&#8220;4_4&#8243; _builder_version=&#8220;4.16&#8243; _module_preset=&#8220;default&#8220; global_colors_info=&#8220;{}&#8220;][et_pb_text admin_label=&#8220;Subline&#8220; _builder_version=&#8220;4.17.4&#8243; _module_preset=&#8220;default&#8220; text_letter_spacing=&#8220;0.03em&#8220; header_text_color=&#8220;gcid-554e4c44-b734-4558-b2b4-996c88c0a6ab&#8220; header_font_size=&#8220;42px&#8220; header_2_font=&#8220;Hellix|600||on|||||&#8220; header_2_text_color=&#8220;gcid-554e4c44-b734-4558-b2b4-996c88c0a6ab&#8220; header_2_font_size=&#8220;36px&#8220; header_3_text_color=&#8220;gcid-554e4c44-b734-4558-b2b4-996c88c0a6ab&#8220; header_3_font_size=&#8220;28px&#8220; header_4_text_color=&#8220;gcid-554e4c44-b734-4558-b2b4-996c88c0a6ab&#8220; header_4_font_size=&#8220;18px&#8220; header_5_text_color=&#8220;#978362&#8243; header_5_letter_spacing=&#8220;2px&#8220; header_6_text_color=&#8220;#978362&#8243; custom_margin=&#8220;||4px|||&#8220; hover_enabled=&#8220;0&#8243; text_font_tablet=&#8220;&#8220; text_font_phone=&#8220;&#8220; text_font_last_edited=&#8220;on|desktop&#8220; text_font_size_tablet=&#8220;&#8220; text_font_size_phone=&#8220;16px&#8220; text_font_size_last_edited=&#8220;on|phone&#8220; header_font_tablet=&#8220;&#8220; header_font_phone=&#8220;&#8220; header_font_last_edited=&#8220;on|phone&#8220; header_font_size_tablet=&#8220;36px&#8220; header_font_size_phone=&#8220;34px&#8220; header_font_size_last_edited=&#8220;on|desktop&#8220; header_2_font_tablet=&#8220;&#8220; header_2_font_phone=&#8220;&#8220; header_2_font_last_edited=&#8220;on|tablet&#8220; header_2_font_size_tablet=&#8220;34px&#8220; header_2_font_size_phone=&#8220;30px&#8220; header_2_font_size_last_edited=&#8220;on|phone&#8220; header_3_font_tablet=&#8220;&#8220; header_3_font_phone=&#8220;&#8220; header_3_font_last_edited=&#8220;on|phone&#8220; header_3_font_size_tablet=&#8220;&#8220; header_3_font_size_phone=&#8220;24px&#8220; header_3_font_size_last_edited=&#8220;on|phone&#8220; header_5_text_color_tablet=&#8220;#978362&#8243; header_5_text_color_phone=&#8220;#978362&#8243; header_6_font_tablet=&#8220;&#8220; header_6_font_phone=&#8220;&#8220; header_6_font_last_edited=&#8220;on|tablet&#8220; global_colors_info=&#8220;{%22gcid-554e4c44-b734-4558-b2b4-996c88c0a6ab%22:%91%22header_2_text_color%22,%22header_3_text_color%22,%22header_4_text_color%22,%22header_text_color%22,%22header_6_text_color%22,%22header_5_text_color_tablet%22,%22header_5_text_color_phone%22%93,%22gcid-65b64712-6f1d-49e1-810b-68b83d58ebc6%22:%91%93}&#8220; text_text_color=&#8220;#000000&#8243; sticky_enabled=&#8220;0&#8243;]<\/p>\n<h5>\u00a0Wir suchen<\/h5>\n<p>[\/et_pb_text][et_pb_text admin_label=&#8220;H2 Filialen&#8220; _builder_version=&#8220;4.17.4&#8243; _module_preset=&#8220;default&#8220; text_letter_spacing=&#8220;0.03em&#8220; header_text_color=&#8220;#978362&#8243; header_font_size=&#8220;42px&#8220; header_2_font=&#8220;Hellix|600||on|||||&#8220; header_2_text_color=&#8220;#978362&#8243; header_2_font_size=&#8220;36px&#8220; header_3_text_color=&#8220;#978362&#8243; header_3_font_size=&#8220;30px&#8220; header_4_text_color=&#8220;#978362&#8243; header_4_font_size=&#8220;18px&#8220; header_5_text_color=&#8220;#978362&#8243; header_5_letter_spacing=&#8220;2px&#8220; header_6_text_color=&#8220;#978362&#8243; width=&#8220;60%&#8220; width_tablet=&#8220;90%&#8220; width_phone=&#8220;100%&#8220; width_last_edited=&#8220;on|phone&#8220; module_alignment=&#8220;center&#8220; text_font_tablet=&#8220;&#8220; text_font_phone=&#8220;&#8220; text_font_last_edited=&#8220;on|desktop&#8220; text_font_size_tablet=&#8220;&#8220; text_font_size_phone=&#8220;16px&#8220; text_font_size_last_edited=&#8220;on|phone&#8220; header_font_tablet=&#8220;&#8220; header_font_phone=&#8220;&#8220; header_font_last_edited=&#8220;on|phone&#8220; header_font_size_tablet=&#8220;36px&#8220; header_font_size_phone=&#8220;34px&#8220; header_font_size_last_edited=&#8220;on|desktop&#8220; header_2_font_tablet=&#8220;&#8220; header_2_font_phone=&#8220;&#8220; header_2_font_last_edited=&#8220;on|tablet&#8220; header_2_font_size_tablet=&#8220;34px&#8220; header_2_font_size_phone=&#8220;30px&#8220; header_2_font_size_last_edited=&#8220;on|phone&#8220; header_3_font_tablet=&#8220;&#8220; header_3_font_phone=&#8220;&#8220; header_3_font_last_edited=&#8220;on|phone&#8220; header_3_font_size_tablet=&#8220;&#8220; header_3_font_size_phone=&#8220;24px&#8220; header_3_font_size_last_edited=&#8220;on|phone&#8220; header_5_text_color_tablet=&#8220;#978362&#8243; header_5_text_color_phone=&#8220;#978362&#8243; header_6_font_tablet=&#8220;&#8220; header_6_font_phone=&#8220;&#8220; header_6_font_last_edited=&#8220;on|tablet&#8220; global_colors_info=&#8220;%91%93&#8243;]<\/p>\n<h2>Veranstaltungs- und Kantinenleitung (m\/w\/d)<\/h2>\n<p>[\/et_pb_text][et_pb_text _builder_version=&#8220;4.17.4&#8243; _module_preset=&#8220;default&#8220; text_letter_spacing=&#8220;0.03em&#8220; header_text_color=&#8220;#978362&#8243; header_font_size=&#8220;42px&#8220; header_2_font=&#8220;Hellix|600||on|||||&#8220; header_2_text_color=&#8220;#978362&#8243; header_2_font_size=&#8220;36px&#8220; header_3_text_color=&#8220;#978362&#8243; header_3_font_size=&#8220;30px&#8220; header_4_text_color=&#8220;#978362&#8243; header_4_font_size=&#8220;18px&#8220; header_5_text_color=&#8220;#978362&#8243; header_5_letter_spacing=&#8220;2px&#8220; header_6_text_color=&#8220;#978362&#8243; width=&#8220;60%&#8220; module_alignment=&#8220;center&#8220; text_font_tablet=&#8220;&#8220; text_font_phone=&#8220;&#8220; text_font_last_edited=&#8220;on|desktop&#8220; text_font_size_tablet=&#8220;&#8220; text_font_size_phone=&#8220;16px&#8220; text_font_size_last_edited=&#8220;on|phone&#8220; header_font_tablet=&#8220;&#8220; header_font_phone=&#8220;&#8220; header_font_last_edited=&#8220;on|phone&#8220; header_font_size_tablet=&#8220;36px&#8220; header_font_size_phone=&#8220;34px&#8220; header_font_size_last_edited=&#8220;on|desktop&#8220; header_2_font_tablet=&#8220;&#8220; header_2_font_phone=&#8220;&#8220; header_2_font_last_edited=&#8220;on|tablet&#8220; header_2_font_size_tablet=&#8220;34px&#8220; header_2_font_size_phone=&#8220;30px&#8220; header_2_font_size_last_edited=&#8220;on|phone&#8220; header_3_font_tablet=&#8220;&#8220; header_3_font_phone=&#8220;&#8220; header_3_font_last_edited=&#8220;on|phone&#8220; header_3_font_size_tablet=&#8220;&#8220; header_3_font_size_phone=&#8220;24px&#8220; header_3_font_size_last_edited=&#8220;on|phone&#8220; header_5_text_color_tablet=&#8220;#978362&#8243; header_5_text_color_phone=&#8220;#978362&#8243; header_6_font_tablet=&#8220;&#8220; header_6_font_phone=&#8220;&#8220; header_6_font_last_edited=&#8220;on|tablet&#8220; global_colors_info=&#8220;%91%93&#8243;]<\/p>\n<p style=\"text-align: center;\"><span class=\"d2edcug0 hpfvmrgz qv66sw1b c1et5uql oi732d6d ik7dh3pa ht8s03o8 a8c37x1j keod5gw0 nxhoafnm aigsh9s9 d3f4x2em fe6kdd0r mau55g9w c8b282yb iv3no6db jq4qci2q a3bd9o3v b1v8xokw oo9gr5id\" dir=\"auto\">Die Foyer Gastronomie Wiesbaden sucht zum n\u00e4chstm\u00f6glichen Zeitpunkt, f\u00fcr die Koordination und Leitung der Bewirtung im Theaterfoyer und der Kantine, eine Veranstaltungs- und Kantinenleitung.<br \/><\/span><\/p>\n<p>[\/et_pb_text][et_pb_button button_url=&#8220;https:\/\/das-foyer-wiesbaden.de\/wp-content\/uploads\/2022\/09\/Die-Foyer-Gastronomie-Wiesbaden-sucht-zum-na\u0308chstmo\u0308glichen-Zeitpunkt-fu\u0308r-die-Koordination-und-Leitung-der-Bewirtung-im-Theaterfoyer-und-der-Kantine.pdf&#8220; button_text=&#8220;STELLENBESCHREIBUNG PDF&#8220; _builder_version=&#8220;4.17.4&#8243; _module_preset=&#8220;default&#8220; custom_button=&#8220;on&#8220; button_text_color=&#8220;#9D8354&#8243; button_bg_color=&#8220;RGBA(255,255,255,0)&#8220; button_border_width=&#8220;2px&#8220; button_border_color=&#8220;#9D8354&#8243; button_icon=&#8220;&#x22;||divi||400&#8243; global_colors_info=&#8220;{}&#8220;][\/et_pb_button][\/et_pb_column][\/et_pb_row][et_pb_row _builder_version=&#8220;4.17.4&#8243; _module_preset=&#8220;default&#8220; global_colors_info=&#8220;{}&#8220;][et_pb_column type=&#8220;4_4&#8243; _builder_version=&#8220;4.16&#8243; _module_preset=&#8220;default&#8220; global_colors_info=&#8220;{}&#8220;][et_pb_text _builder_version=&#8220;4.17.4&#8243; _module_preset=&#8220;default&#8220; text_letter_spacing=&#8220;0.03em&#8220; header_text_color=&#8220;#978362&#8243; header_font_size=&#8220;42px&#8220; header_2_font=&#8220;Hellix|600||on|||||&#8220; header_2_text_color=&#8220;#978362&#8243; header_2_font_size=&#8220;36px&#8220; header_3_text_color=&#8220;#978362&#8243; header_3_font_size=&#8220;30px&#8220; header_4_text_color=&#8220;#978362&#8243; header_4_font_size=&#8220;18px&#8220; header_5_text_color=&#8220;#978362&#8243; header_5_letter_spacing=&#8220;2px&#8220; header_6_text_color=&#8220;#978362&#8243; background_color=&#8220;RGBA(0,0,0,0)&#8220; text_orientation=&#8220;center&#8220; width=&#8220;60%&#8220; width_tablet=&#8220;100%&#8220; width_phone=&#8220;100%&#8220; width_last_edited=&#8220;on|phone&#8220; module_alignment=&#8220;center&#8220; custom_padding=&#8220;||0px|||&#8220; text_font_tablet=&#8220;&#8220; text_font_phone=&#8220;&#8220; text_font_last_edited=&#8220;on|desktop&#8220; text_font_size_tablet=&#8220;&#8220; text_font_size_phone=&#8220;16px&#8220; text_font_size_last_edited=&#8220;on|phone&#8220; header_font_tablet=&#8220;&#8220; header_font_phone=&#8220;&#8220; header_font_last_edited=&#8220;on|phone&#8220; header_font_size_tablet=&#8220;36px&#8220; header_font_size_phone=&#8220;34px&#8220; header_font_size_last_edited=&#8220;on|desktop&#8220; header_2_font_tablet=&#8220;&#8220; header_2_font_phone=&#8220;&#8220; header_2_font_last_edited=&#8220;on|tablet&#8220; header_2_font_size_tablet=&#8220;34px&#8220; header_2_font_size_phone=&#8220;30px&#8220; header_2_font_size_last_edited=&#8220;on|phone&#8220; header_3_font_tablet=&#8220;&#8220; header_3_font_phone=&#8220;&#8220; header_3_font_last_edited=&#8220;on|phone&#8220; header_3_font_size_tablet=&#8220;&#8220; header_3_font_size_phone=&#8220;24px&#8220; header_3_font_size_last_edited=&#8220;on|phone&#8220; header_5_text_color_tablet=&#8220;#978362&#8243; header_5_text_color_phone=&#8220;#978362&#8243; header_6_font_tablet=&#8220;&#8220; header_6_font_phone=&#8220;&#8220; header_6_font_last_edited=&#8220;on|tablet&#8220; module_alignment_tablet=&#8220;left&#8220; module_alignment_phone=&#8220;&#8220; module_alignment_last_edited=&#8220;on|desktop&#8220; global_colors_info=&#8220;{%22gcid-f9dec541-c376-438e-a4c1-a77f3e192b34%22:%91%22header_2_text_color%22,%22header_3_text_color%22,%22header_4_text_color%22,%22header_5_text_color%22,%22header_2_text_color%22,%22header_3_text_color%22,%22header_4_text_color%22,%22header_5_text_color%22%93}&#8220;]<\/p>\n<p style=\"text-align: center;\"><span style=\"color: #1c1c1c;\">KONTAKT<\/span><\/p>\n<p style=\"text-align: center;\"><span style=\"color: #1c1c1c;\">Senden Sie Ihre aussagekr\u00e4ftige Bewerbung inklusive Gehaltsvorstellung bitte an <a href=\"mailto:blum@cafe-blum.de\">dasfoyer@cafe-blum.de<\/a><\/span><\/p>\n<p style=\"text-align: center;\"><span style=\"color: #1c1c1c;\"><span class=\"d2edcug0 hpfvmrgz qv66sw1b c1et5uql oi732d6d ik7dh3pa ht8s03o8 a8c37x1j keod5gw0 nxhoafnm aigsh9s9 d3f4x2em fe6kdd0r mau55g9w c8b282yb iv3no6db jq4qci2q a3bd9o3v b1v8xokw oo9gr5id\" dir=\"auto\">Wir freuen uns auf Ihre Bewerbung!<\/span><\/span><\/p>\n<p style=\"text-align: center;\"><span style=\"color: #1c1c1c;\"><\/span><\/p>\n<p style=\"text-align: center;\"><span style=\"color: #1c1c1c;\"><\/span><\/p>\n<p>[\/et_pb_text][et_pb_image src=&#8220;https:\/\/das-foyer-wiesbaden.de\/wp-content\/uploads\/2022\/09\/KB_Siegel_schwarz-e1634904969477.png&#8220; title_text=&#8220;KB_Siegel_schwarz&#8220; align=&#8220;center&#8220; _builder_version=&#8220;4.17.4&#8243; _module_preset=&#8220;default&#8220; module_alignment=&#8220;center&#8220; height=&#8220;80px&#8220; global_colors_info=&#8220;{}&#8220;][\/et_pb_image][\/et_pb_column][\/et_pb_row][\/et_pb_section]<\/p>\n","protected":false},"excerpt":{"rendered":"<p>\u00a0Wir suchenVeranstaltungs- und Kantinenleitung (m\/w\/d)Die Foyer Gastronomie Wiesbaden sucht zum n\u00e4chstm\u00f6glichen Zeitpunkt, f\u00fcr die Koordination und Leitung der Bewirtung im Theaterfoyer und der Kantine, eine Veranstaltungs- und Kantinenleitung.KONTAKT Senden Sie Ihre aussagekr\u00e4ftige Bewerbung inklusive Gehaltsvorstellung bitte an dasfoyer@cafe-blum.de Wir freuen uns auf Ihre Bewerbung!<\/p>\n","protected":false},"author":1,"featured_media":0,"parent":0,"menu_order":0,"comment_status":"closed","ping_status":"closed","template":"","meta":{"_et_pb_use_builder":"on","_et_pb_old_content":"","_et_gb_content_width":"","footnotes":""},"class_list":["post-240347","page","type-page","status-publish","hentry"],"_links":{"self":[{"href":"https:\/\/das-foyer-wiesbaden.de\/index.php?rest_route=\/wp\/v2\/pages\/240347","targetHints":{"allow":["GET"]}}],"collection":[{"href":"https:\/\/das-foyer-wiesbaden.de\/index.php?rest_route=\/wp\/v2\/pages"}],"about":[{"href":"https:\/\/das-foyer-wiesbaden.de\/index.php?rest_route=\/wp\/v2\/types\/page"}],"author":[{"embeddable":true,"href":"https:\/\/das-foyer-wiesbaden.de\/index.php?rest_route=\/wp\/v2\/users\/1"}],"replies":[{"embeddable":true,"href":"https:\/\/das-foyer-wiesbaden.de\/index.php?rest_route=%2Fwp%2Fv2%2Fcomments&post=240347"}],"version-history":[{"count":15,"href":"https:\/\/das-foyer-wiesbaden.de\/index.php?rest_route=\/wp\/v2\/pages\/240347\/revisions"}],"predecessor-version":[{"id":240375,"href":"https:\/\/das-foyer-wiesbaden.de\/index.php?rest_route=\/wp\/v2\/pages\/240347\/revisions\/240375"}],"wp:attachment":[{"href":"https:\/\/das-foyer-wiesbaden.de\/index.php?rest_route=%2Fwp%2Fv2%2Fmedia&parent=240347"}],"curies":[{"name":"wp","href":"https:\/\/api.w.org\/{rel}","templated":true}]}}